ed by 20?
17
Suppose 0 = 2*i, -5*i + 305 = 5*z - 0*i. What is the remainder when z is divided by 31?
30
Let o = -5 - -10. Suppose -a = 4*a + 20, -o*r = -2*a + 27. What is the remainder when -10*3/(6/r) is divided by 9?
8
Suppose 3*a - 26 + 122 = 0. Let c be 24/a + 38/8. Suppose -3 = -c*i + 1. What is the remainder when i is divided by 1?
0
Let o(y) = y**3 + 10*y**2 - 3*y - 13. Let q be 82/(-8) + (-2)/(-8). Calculate the remainder when 48 is divided by o(q).
14
Let p = -3 - -13. What is the remainder when p is divided by (4/(-2))/((-2)/3)?
1
Let m(i) = 18*i + 2. Calculate the remainder when 111 is divided by m(2).
35
Let c = 66 - 39. Calculate the remainder when c is divided by 15.
12
Let m(i) be the first derivative of i**4/4 + 2*i**3/3 - i**2/2 + 2. Calculate the remainder when m(3) is divided by 15.
12
Let w(v) = 2*v**2 + v - 7. Let i be w(4). Let c = i - -30. Let x = 29 + -9. What is the remainder when c is divided by x?
19
Suppose 2*o + 57 - 119 = 0. Calculate the remainder when o is divided by 11.
9
Suppose 0 = -2*x - 0*y - y + 266, 0 = 2*y + 8. What is the remainder when x is divided by 34?
33
Let x(b) = -b**2 - 20*b - 24. What is the remainder when x(-17) is divided by 7?
6
Let t = -59 - -106. What is the remainder when t is divided by 16?
15
Suppose -5*t - 135 = -10*t. What is the remainder when 80 is divided by t?
26
Calculate the remainder when 163 is divided by ((-41)/(-1))/(3/3 - 0).
40
Let v(f) = -2*f**2 + 7*f + 5. What is the remainder when 0 - (1 + -1*2) is divided by v(4)?
0
Suppose 5*z = -1 + 41. What is the remainder when 29 is divided by z?
5
Suppose -c = c - 8, 2*u + 4*c - 22 = 0. What is the remainder when 11 is divided by u + (-8 - -4) - -5?
3
Let r be (-6)/(-8) - (-198)/24. Calculate the remainder when 28 is divided by 12/r*15/2.
8
Calculate the remainder when (-2)/(-4)*2*(4 + 3) is divided by 0 - (-2 - 4/2).
3
Suppose 3*p - p - 8 = 0. Suppose -g - p*g = -1660. Calculate the remainder when (-2)/(-5) - g/(-20) is divided by 9.
8
Calculate the remainder when 8/4 - (0 - 112) is divided by 29.
27
Suppose -6*j + 334 - 88 = 0. What is the remainder when j is divided by 11?
8
Let f = -48 - -77. Calculate the remainder when 57 is divided by f.
28
Let h(w) = 58*w**2 - w - 1. Let q = -21 + 41. What is the remainder when h(-1) is divided by q?
18
Let q = -30 + 42. Suppose -345 = -5*r + 4*s, 6*s = 2*s. Calculate the remainder when 1/((9/r)/3) is divided by q.
11
Let o = -1069 + 283. What is the remainder when 55 is divided by 2/7 + o/(-42)?
17
Suppose -5*v + 149 = 13*y - 9*y, 0 = y + 4*v - 51. Calculate the remainder when y is divided by 16.
15
Let t = 6 + -2. What is the remainder when 15 is divided by t?
3
Suppose 5 = -5*l + 3*h - 0, 4*h = 4*l + 4. Let n be (l - -4) + 1 - 0. Let q(g) = -g**3 + 6*g**2 - 2*g + 4. What is the remainder when q(n) is divided by 15?
13
Suppose -3 - 157 = -5*w. What is the remainder when 95 is divided by w?
31
Let c(z) = -z**2 - 3*z + 4. Let w be c(-3). Suppose -5*j + w = -4*j, 156 = 4*l + 5*j. Calculate the remainder when l is divided by 7.
6
Let x(w) = w**3 - 4*w**2 - 3. Let o be 12/9*3 + 1. Calculate the remainder when x(o) is divided by 12.
10
Let i(j) = -j - 3. Let g be i(-8). Calculate the remainder when 30 is divided by 12*((-40)/(-12))/g.
6
Suppose 3*n + 21 - 96 = 0. Calculate the remainder when 70 is divided by n.
20
Let c(f) = f**3 + 12*f**2 - 17*f - 16. What is the remainder when c(-13) is divided by 19?
17
Suppose -8*s = 28 - 4. Let q(t) be the second derivative of -t**3/3 + t**2 - t. What is the remainder when q(s) is divided by 3?
2
Let c = -244 - -263. Let l = 55 + -18. Calculate the remainder when l is divided by c.
18
Suppose 0 = -4*p - p. Suppose 0 = -5*r - p*r + 40. What is the remainder when 15 is divided by r?
7
Suppose -3*q + 8 = q. Suppose -7 = -q*j + 1. Calculate the remainder when 43 is divided by ((-60)/(-8))/(2/j).
13
Suppose -2*g = f - 47, -3*g + 0*g + 183 = 4*f. Suppose -27 - 21 = -3*c. Calculate the remainder when f is divided by c.
13
Suppose -5*i = 5*s - 270, s - 159 + 47 = -2*i. Suppose 4*v - i = -2*c, 0 = -v + 2 - 0. What is the remainder when 74 is divided by c?
24
What is the remainder when (-42)/49 - (-780)/28 is divided by 12?
3
Let y(k) = -39*k + 9. Let l be y(-4). Calculate the remainder when 17 is divided by 1672/l - (-2)/(-15).
7
Let l = 7 + -2. Suppose -l - 54 = -t. Suppose x + 14 = d, 5*x = -d + 5*d - t. Calculate the remainder when d is divided by 6.
5
Let q be 136*((-6)/(-4) + -2). Calculate the remainder when q/(-4) - 6/(-2) is divided by (2/4)/(2/28).
6
Let j be 0 + 0/(-2) - 1. What is the remainder when 5/(10/44) + j is divided by 11?
10
Suppose -4*y - 296 = -4*t, 2*y - 223 = -3*t + 6*y. Let n = t + -33. What is the remainder when n is divided by 21?
19
Suppose 3*l = 0, 4*i + 2*l - 18 = 26. Calculate the remainder when 43/2 - 2/4 is divided by i.
10
Let r(s) = 20*s - 13. What is the remainder when r(4) is divided by 23?
21
Suppose 10*t - 6*t - 76 = 0. Calculate the remainder when 187 is divided by t.
16
Suppose 10 - 1 = 3*p. Suppose -61 = -p*l - 22. What is the remainder when 24 is divided by l?
11
Let p(b) = b**2 - 23*b - 75. What is the remainder when 2/(-5) + (-52)/(-5) is divided by p(-3)?
1
Let q = 82 + 40. What is the remainder when q is divided by 31?
29
Suppose 22*d - 18*d = 100. Calculate the remainder when 73 is divided by d.
23
Suppose g = 5*s - 170, 220 = 4*s - g + 85. Suppose -6*z + z = -45. Calculate the remainder when s is divided by z.
8
Suppose p = 2*x - 0*x + 24, 4*x = p - 18. Suppose -h = h - p. Calculate the remainder when h is divided by 8.
7
Suppose f - 15 = -2*f, 22 = p + 4*f. Suppose 0 = -2*c - p*c + 72. What is the remainder when c is divided by 7?
4
Calculate the remainder when 26 is divided by ((-48)/40)/(3/(-40)).
10
Let m(q) = q**3 + 10*q**2 - 8*q - 4. Let f be m(-11). Let a = -25 - f. Calculate the remainder when 21 is divided by a.
9
Suppose -s = 2*j + 42, 3*j + 5*s + 56 = -0*j. Let w = j + 40. Suppose 5*a - 195 = -5*z, 5*z - 55 = -a - 0*z. Calculate the remainder when a is divided by w.
17
Let z be (-2875)/(-20) - (-1)/4. Suppose 2*j + 3*q = 106, 3*j - 3*q + 0 = z. Calculate the remainder when j is divided by 13.
11
Suppose 0 = -105*q + 102*q + 348. What is the remainder when q is divided by 36?
8
Let v(m) = 47*m**3 - m + 1. Suppose -3*t + 16 = -2. Suppose 0 = -2*f + 38 - t. Calculate the remainder when v(1) is divided by f.
15
What is the remainder when 26 is divided by 5 - 0 - 2 - (-1 + 0)?
2
Let h = -1 + 3. Suppose 0*r - 4*r = 4*q + 152, -3*r + h*q = 94. Let w = -15 - r. Calculate the remainder when 37 is divided by w.
18
Suppose -3*t = -0*w - w - 64, 0 = -t + 4*w + 25. What is the remainder when t is divided by 6?
3
Suppose -2*a + a + 2*d = -12, -5*a = 5*d. Suppose -r - 2*w = -8, -r - 3*w + 6 = -5. Calculate the remainder when a is divided by r.
0
Suppose -7*g + 9 = -2*g + 4*i, 2*g + 10 = -5*i. Suppose 2*l = 0, 0 = -2*t - g*l + l + 28. What is the remainder when 40 is divided by t?
12
Let m be (188/(-6))/((-4)/6). Suppose 2*s = -0*s - 4. What is the remainder when (2 + -4)/(s/m) is divided by 16?
15
Suppose -3*k - 39 = -6*k. Suppose -4*d = -5*d + k. What is the remainder when d is divided by (14/4)/(2/4)?
6
Suppose l + 18 = 4*o - 2*l, 0 = -o - 3*l - 3. Suppose -o*h + 2*h = -9. Suppose -3*s + 57 = -21. What is the remainder when s is divided by h?
8
Suppose 0 = -3*b + 42 - 0. Calculate the remainder when b is divided by (3/2)/((-78)/(-416)).
6
Suppose 2*y - 32 = -4*m, y = -0*y + 2*m + 4. What is the remainder when 25 is divided by y?
5
Let k(x) = 23*x**2 + 2*x - 2. Calculate the remainder when k(1) is divided by 5.
3
Let z(q) = -q**3 - 5*q**2 + 2*q + 8. Suppose 2*l + 18 = -l. Let k(n) = n**2 + 6*n - 6. Let g be k(l). Calculate the remainder when z(g) is divided by 11.
10
Suppose -5*r = -r - 4*j - 16, -5*j = r + 8. Let x = -6 - -8. Calculate the remainder when x is divided by r.
0
Let q(x) be the first derivative of 29*x**4/6 + x**2/2 - 2*x + 2. Let c(h) be the first derivative of q(h). What is the remainder when c(1) is divided by 20?
19
Let l(p) = 12*p + 10. Let z be 3 - (-2 + 0 - 1). Calculate the remainder when l(z) is divided by 17.
14
Suppose -2*c + 4*w - 4 = -10, -3*c - 4*w + 59 = 0. Calculate the remainder whe